{"id":1169,"date":"2025-11-10T17:26:11","date_gmt":"2025-11-10T17:26:11","guid":{"rendered":"https:\/\/gmk-wadowice.pl\/?page_id=1169"},"modified":"2025-12-20T22:32:27","modified_gmt":"2025-12-20T22:32:27","slug":"nasze-spotkania-w-roku-2025-2026","status":"publish","type":"page","link":"http:\/\/gmk-wadowice.pl\/?page_id=1169","title":{"rendered":"Nasze spotkania w roku 2025-2026"},"content":{"rendered":"\n<p><strong>Nasze spotkania w ko\u015bciele od godz. 19.00 we wtorki przebiegaj\u0105 w cyklu miesi\u0119cznym wed\u0142ug nast\u0119puj\u0105cego schematu:<\/strong><\/p>\n\n\n\n<ul class=\"wp-block-list\">\n<li><strong>1.tydzie\u0144- modlitwa wewn\u0119trzna, Eucharystia i dzi\u0119kczynienie<\/strong><\/li>\n\n\n\n<li><strong>2.tydzie\u0144- modlitwa brewiarzowa, konferencja i modlitwa wewn\u0119trzna<\/strong><\/li>\n\n\n\n<li><strong>3.tydzie\u0144- adoracja Naj\u015bwi\u0119tszego Sakramentu i dzielenie<\/strong><\/li>\n\n\n\n<li><strong>4.tydzie\u0144- konferencja, modlitwa wewn\u0119trzna i spotkanie wsp\u00f3lnotowe<\/strong><\/li>\n<\/ul>\n\n\n\n<h5 class=\"wp-block-heading\"><strong>Nasza aktualna lektura formacyjna to:<\/strong><\/h5>\n\n\n\n<h3 class=\"wp-block-heading\">&#8222;Pie\u015b\u0144 o wywy\u017cszeniu cz\u0142owieka. Klucze do doktryny \u015aw. Jana od Krzy\u017ca&#8221;\u00a0\u00a0 &#8211;\u00a0 O. Marian Zawada OCD<\/h3>\n\n\n\n<h6 class=\"wp-block-heading\"><strong>Bie\u017cacy plan i terminy spotka\u0144 s\u0105 w zak\u0142adce: Aktualno\u015bci<\/strong><\/h6>\n\n\n\n<p><\/p>\n","protected":false},"excerpt":{"rendered":"<p>Nasze spotkania w ko\u015bciele od godz. 19.00 we wtorki przebiegaj\u0105 w cyklu miesi\u0119cznym wed\u0142ug nast\u0119puj\u0105cego schematu: Nasza aktualna lektura formacyjna to: &#8222;Pie\u015b\u0144 o wywy\u017cszeniu cz\u0142owieka. Klucze do doktryny \u015aw. Jana [&hellip;]<\/p>\n","protected":false},"author":3,"featured_media":0,"parent":0,"menu_order":0,"comment_status":"closed","ping_status":"closed","template":"","meta":{"site-sidebar-layout":"default","site-content-layout":"","ast-site-content-layout":"default","site-content-style":"default","site-sidebar-style":"default","ast-global-header-display":"","ast-banner-title-visibility":"","ast-main-header-display":"","ast-hfb-above-header-display":"","ast-hfb-below-header-display":"","ast-hfb-mobile-header-display":"","site-post-title":"","ast-breadcrumbs-content":"","ast-featured-img":"","footer-sml-layout":"","theme-transparent-header-meta":"","adv-header-id-meta":"","stick-header-meta":"","header-above-stick-meta":"","header-main-stick-meta":"","header-below-stick-meta":"","astra-migrate-meta-layouts":"default","ast-page-background-enabled":"default","ast-page-background-meta":{"desktop":{"background-color":"var(--ast-global-color-4)","background-image":"","background-repeat":"repeat","background-position":"center center","background-size":"auto","background-attachment":"scroll","background-type":"","background-media":"","overlay-type":"","overlay-color":"","overlay-opacity":"","overlay-gradient":""},"tablet":{"background-color":"","background-image":"","background-repeat":"repeat","background-position":"center center","background-size":"auto","background-attachment":"scroll","background-type":"","background-media":"","overlay-type":"","overlay-color":"","overlay-opacity":"","overlay-gradient":""},"mobile":{"background-color":"","background-image":"","background-repeat":"repeat","background-position":"center center","background-size":"auto","background-attachment":"scroll","background-type":"","background-media":"","overlay-type":"","overlay-color":"","overlay-opacity":"","overlay-gradient":""}},"ast-content-background-meta":{"desktop":{"background-color":"var(--ast-global-color-5)","background-image":"","background-repeat":"repeat","background-position":"center center","background-size":"auto","background-attachment":"scroll","background-type":"","background-media":"","overlay-type":"","overlay-color":"","overlay-opacity":"","overlay-gradient":""},"tablet":{"background-color":"var(--ast-global-color-5)","background-image":"","background-repeat":"repeat","background-position":"center center","background-size":"auto","background-attachment":"scroll","background-type":"","background-media":"","overlay-type":"","overlay-color":"","overlay-opacity":"","overlay-gradient":""},"mobile":{"background-color":"var(--ast-global-color-5)","background-image":"","background-repeat":"repeat","background-position":"center center","background-size":"auto","background-attachment":"scroll","background-type":"","background-media":"","overlay-type":"","overlay-color":"","overlay-opacity":"","overlay-gradient":""}},"footnotes":""},"class_list":["post-1169","page","type-page","status-publish","hentry"],"_links":{"self":[{"href":"http:\/\/gmk-wadowice.pl\/index.php?rest_route=\/wp\/v2\/pages\/1169","targetHints":{"allow":["GET"]}}],"collection":[{"href":"http:\/\/gmk-wadowice.pl\/index.php?rest_route=\/wp\/v2\/pages"}],"about":[{"href":"http:\/\/gmk-wadowice.pl\/index.php?rest_route=\/wp\/v2\/types\/page"}],"author":[{"embeddable":true,"href":"http:\/\/gmk-wadowice.pl\/index.php?rest_route=\/wp\/v2\/users\/3"}],"replies":[{"embeddable":true,"href":"http:\/\/gmk-wadowice.pl\/index.php?rest_route=%2Fwp%2Fv2%2Fcomments&post=1169"}],"version-history":[{"count":2,"href":"http:\/\/gmk-wadowice.pl\/index.php?rest_route=\/wp\/v2\/pages\/1169\/revisions"}],"predecessor-version":[{"id":1175,"href":"http:\/\/gmk-wadowice.pl\/index.php?rest_route=\/wp\/v2\/pages\/1169\/revisions\/1175"}],"wp:attachment":[{"href":"http:\/\/gmk-wadowice.pl\/index.php?rest_route=%2Fwp%2Fv2%2Fmedia&parent=1169"}],"curies":[{"name":"wp","href":"https:\/\/api.w.org\/{rel}","templated":true}]}}